NOAA-Style Climate Reports


Report for 2024 June

Daily noaa report




                            MONTHLY CLIMATOLOGICAL SUMMARY for JUN. 2024

NAME:    CITY:  STATE: 
ELEV:  LAT:  LONG: 

                            TEMPERATURE ( °F), RAIN (in.), WIND SPEED (mph)

                                               HEAT     COOL           AVG
      MEAN                                     DEG      DEG            WIND                       DOM
DAY   TEMP    HIGH   TIME     LOW    TIME      DAYS     DAYS    RAIN   SPEED    HIGH    TIME      DIR
--------------------------------------------------------------------------------------------------------
01    72.7   083.3   11:56    67.1   03:21     00.0     07.8   00.17   00.0     00.0    00:00      N 
02    73.6   085.5   17:47    62.8   05:47     00.0     08.6   00.03   00.0     00.0    00:00      N 
03    79.3   092.5   15:06    69.3   05:59     00.0     14.4   00.00   00.0     00.0    00:00      N 
04    79.2   089.8   13:37    70.0   04:07     00.0     14.2   00.00   00.0     00.0    00:00      N 
05    75.7   083.8   14:31    70.5   22:23     00.0     10.8   00.42   00.0     00.0    00:00      N 
06    74.9   082.6   19:29    63.1   06:13     00.0     09.9   00.00   00.0     00.0    00:00      N 
07    77.2   087.8   19:27    62.6   06:19     00.0     12.3   00.00   00.0     00.0    00:00      N 
08    78.2   086.7   16:25    68.5   08:51     00.0     13.2   00.24   00.0     00.0    00:00      N 
09    73.0   081.1   20:01    65.5   08:39     00.0     08.1   00.00   00.0     00.0    00:00      N 
10    70.6   077.7   14:27    61.0   06:25     00.0     05.6   00.00   00.0     00.0    00:00      N 
11    72.5   083.8   19:29    58.3   06:27     00.0     07.5   00.00   00.0     00.0    00:00      N 
12    78.9   088.7   19:41    66.4   06:21     00.0     13.9   00.00   00.0     00.0    00:00      N 
--------------------------------------------------------------------------------------------------------
75.5 (75.4)   92.5  day 03     58.3  day 11   000.0    126.4   00.90   00.0     00.0   day 13     N
Max >  86: 5
Min <  86: 12
Max Rain: 0.42 ON 5-06-24
Days of Rain: 4 (> .008in) 3 (> .08in) 0 (> 0.8in)